8. What is i(370)?
-1662
Let u(o) = -o**2 - 90*o + 1129. Give u(10).
129
Let s(i) = 5*i**2 + 3348*i - 4690. Determine s(-671).
7
Let n(w) = -900*w + 6685. Determine n(7).
385
Let g(u) = u**3 - 12*u**2 + 65*u - 1381. Give g(13).
-367
Let w(o) = 4104*o + 19068. Calculate w(-5).
-1452
Let l(r) = -513*r + 385. Give l(2).
-641
Let p(a) = 346606*a - 346603. Give p(1).
3
Let k(z) = -747*z + 4668. What is k(6)?
186
Let p(o) = -2*o - 933. Determine p(-78).
-777
Let d(i) = -2*i**3 + 64*i**2 + 290*i + 173. Determine d(36).
245
Let d(t) = 286*t - 62946. Calculate d(220).
-26
Let t(w) = -6*w**2 + 80*w - 262. Determine t(10).
-62
Let r(z) = -z**3 + 16*z**2 + 4*z + 5. Give r(7).
474
Let a(s) = -2*s**3 + 28*s**2 + 219*s + 190. What is a(19)?
741
Let u(x) = 371*x + 3932. Determine u(-12).
-520
Let b(h) = -2*h**3 - 347*h**2 - 14941*h + 244. Calculate b(-94).
-226
Let p(a) = -74487*a - 819271. Determine p(-11).
86
Let z(n) = 4*n**2 + 28*n - 1547. Calculate z(-35).
2373
Let v(i) = 57343*i - 344048. Determine v(6).
10
Let x(d) = -d**2 + 54*d + 1978. Calculate x(-25).
3
Let j(s) = s**3 + 12*s**2 + 136*s + 1538. Calculate j(-10).
378
Let j(m) = -m**2 + 7298*m - 1086185. Calculate j(152).
7
Let t(y) = 56*y**2 + 449*y + 641. Calculate t(-7).
242
Let y(r) = -165313*r + 24962262. Give y(151).
-1
Let t(d) = 8974*d + 1848652. Determine t(-206).
8
Let r(s) = -59*s - 1230. Calculate r(-9).
-699
Let b(q) = -53*q - 246. Calculate b(-10).
284
Let v(k) = 21*k**3 - 7*k**2 + 187*k - 529. Calculate v(3).
536
Let v(q) = -q**3 + 58*q**2 - 403*q - 117. Give v(8).
-141
Let x(b) = 129181*b - 129084. Give x(1).
97
Let o(t) = -t**3 + 53*t**2 + 1070*t - 1387. Calculate o(-17).
653
Let o(r) = -9220*r - 64327. Calculate o(-7).
213
Let k(y) = 28555*y + 371276. What is k(-13)?
61
Let d(p) = 501*p + 14998. Calculate d(-28).
970
Let s(i) = -359*i - 24428. Calculate s(-58).
-3606
Let j(k) = 26097*k + 234835. Calculate j(-9).
-38
Let c(x) = -519*x + 9721. Determine c(19).
-140
Let m(n) = n**3 - 66*n**2 - 58*n + 3767. Give m(66).
-61
Let a(c) = -4772*c + 114499. Calculate a(24).
-29
Let s(n) = -n**2 - 8786*n - 52687. Give s(-6).
-7
Let l(z) = 6639*z**2 + 53150*z - 5. Give l(-8).
-309
Let z(o) = -2*o**2 - 26660*o + 213348. Calculate z(8).
-60
Let d(u) = -3*u**2 + 111*u - 1139. Determine d(15).
-149
Let m(j) = 698*j - 4872. Calculate m(6).
-684
Let u(n) = -11*n**3 + 21*n**2 - 51*n + 17. Calculate u(4).
-555
Let n(z) = -2520*z + 173836. What is n(69)?
-44
Let a(t) = 136*t + 9380. Calculate a(-75).
-820
Let z(o) = 91786*o + 1560364. Calculate z(-17).
2
Let o(p) = -p**3 + 21*p**2 - 94*p + 96. What is o(17)?
-346
Let j(n) = n**3 - 83*n**2 + 13286*n - 1102740. What is j(83)?
-2
Let x(l) = l**3 - 199*l**2 + 341*l - 28287. Calculate x(198).
27
Let y(s) = s**2 - 638*s - 21384. What is y(-31)?
-645
Let h(v) = 3*v**3 - 347*v**2 + 1876*v - 662. What is h(110)?
-2
Let s(z) = 177*z**3 - 7*z**2 + 10*z + 33. What is s(-2)?
-1431
Let c(j) = j**3 + 459*j**2 + 3202*j + 16713. Determine c(-452).
-463
Let j(q) = -2285*q - 909346. Calculate j(-398).
84
Let k(l) = 58076*l + 871126. Give k(-15).
-14
Let v(r) = -r**3 - 27*r**2 + 218*r - 769. Determine v(-34).
-89
Let u(y) = -8*y**3 - 9*y**2 - 489*y - 2250. What is u(-5)?
970
Let y(z) = 210*z - 9018. Give y(32).
-2298
Let n(y) = -y**3 - 155*y**2 - 948*y + 13004. Give n(-148).
-20
Let x(k) = -2*k**3 - 43*k**2 - 91*k + 1071. Calculate x(-17).
17
Let j(h) = -h**3 + 370*h**2 - 3590*h - 109. Determine j(10).
-9
Let m(b) = 617*b - 10940. Give m(18).
166
Let c(z) = z**3 - 130*z**2 + 381*z - 534. Calculate c(127).
-534
Let d(w) = 72966*w - 802767. Calculate d(11).
-141
Let o(g) = -g**3 + 38*g**2 - 304*g - 29. Give o(9).
-416
Let m(y) = -4*y**3 + 67*y**2 + 68*y - 32. Calculate m(18).
-428
Let d(k) = 43*k**2 + 4650*k + 9293. Determine d(-2).
165
Let g(f) = 154*f - 175. Determine g(7).
903
Let v(h) = -474628*h - 1898511. Determine v(-4).
1
Let t(x) = 2*x**3 + 50*x**2 - 3*x - 10. Calculate t(0).
-10
Let t(o) = -41*o**2 + 180*o + 744. Calculate t(-4).
-632
Let q(d) = d**3 - 8*d**2 - 434*d + 4197. Calculate q(10).
57
Let i(x) = -2*x**2 + 48*x + 35615. Determine i(146).
-9
Let i(w) = -12484*w + 486753. Determine i(39).
-123
Let x(n) = n**3 - 32*n**2 + 145*n + 123. Determine x(26).
-163
Let m(l) = -148*l + 4751. Give m(21).
1643
Let v(o) = o**3 - 63*o**2 - 419*o + 4693. Calculate v(68).
-679
Let t(o) = -2783780*o - 5567563. What is t(-2)?
-3
Let a(p) = -201*p**3 + 7441*p**2 - 154*p + 234. Determine a(37).
12
Let y(q) = -q**3 - 2*q**2 + 246*q - 73. Give y(-14).
-1165
Let q(m) = 4943*m**2 + 4946*m + 7. What is q(-1)?
4
Let d(f) = -f**2 - 3278*f - 348542. Give d(-110).
-62
Let q(p) = 38*p**3 + 544*p**2 + 70*p - 26. Determine q(-14).
1346
Let j(f) = 151*f - 3829. Give j(21).
-658
Let m(d) = 514*d + 6154. Calculate m(-12).
-14
Let t(n) = 65*n**3 + 390*n**2 + 2*n + 8. Calculate t(-6).
-4
Let t(f) = 942081*f - 2826267. What is t(3)?
-24
Let h(q) = -2*q**3 + 123*q**2 + 24*q + 1896. What is h(62)?
-460
Let x(k) = -2*k**2 + 531*k - 33171. Give x(165).
-6
Let m(z) = 50*z**3 + 799*z**2 - 351*z - 5359. What is m(-16)?
1
Let o(d) = 646*d - 26014. Determine o(40).
-174
Let y(w) = 285*w**2 + 248224*w - 9577. Determine y(-871).
4
Let q(v) = 3*v**3 + 120*v**2 + 227*v + 88. Calculate q(-38).
126
Let u(a) = -9125*a + 447099. Give u(49).
-26
Let j(x) = -2*x + 2. What is j(53)?
-104
Let j(k) = -k**2 - 3491*k - 17458. Determine j(-5).
-28
Let z(p) = 4*p**2 - 18754*p - 75012. Calculate z(-4).
68
Let c(n) = -n**3 + 2*n**2 + 175*n + 525. Calculate c(-3).
45
Let n(r) = -7*r**2 + 16060*r - 176621. What is n(11)?
-808
Let q(o) = -237*o + 10558. Determine q(47).
-581
Let a(n) = -7*n**3 - 55*n**2 + 21. What is a(-7)?
-273
Let i(q) = 4591*q + 367258. Determine i(-80).
-22
Let v(d) = 3*d**2 + 605*d + 8194. Calculate v(-187).
-34
Let l(n) = -n**3 - 213*n**2 + 5155*n + 567. Calculate l(22).
237
Let f(h) = -2711*h - 159930. Give f(-59).
19
Let v(c) = 81*c - 1840. Calculate v(-12).
-2812
Let c(i) = -31*i**3 - 90*i**2 + 760*i + 2272. Determine c(-3).
19
Let v(k) = 6*k**3 + 97*k**2 + 75*k - 48. Give v(-12).
2652
Let b(z) = 14862*z + 3016967. Calculate b(-203).
-19
Let h(w) = 5*w**3 + 12*w**2 + 15*w + 16. Determine h(6).
1618
Let n(l) = 2*l**3 - 105*l**2 + 13*l + 1849. What is n(52)?
-179
Let x(k) = -3*k**2 + 1107*k + 16032. Calculate x(-14).
-54
Let k(y) = 3*y**3 + 54*y**2 + 176*y + 3007. What is k(-18)?
-161
Let o(i) = -i**3 + 35*i**2 + 3*i + 1468. Calculate o(38).
-2750
Let x(t) = 4425*t + 836975. Calculate x(-189).
650
Let o(q) = -29*q**2 + 203*q - 1056. Give o(5).
-766
Let j(y) = y**2 - 2246*y - 1960907. What is j(-672)?
-11
Let r(m) = -13*m**2 + 48*m - 266. Determine r(10).
-1086
Let s(b) = b**3 - 83*b**2 - 133*b + 1078. Give s(84).
-3038
Let o(u) = -16523*u + 1503517. Calculate o(91).
-76
Let k(g) = -44735*g - 2863035. Calculate k(-64).
5
Let i(v) = v**3 - 8*v**2 - 28*v - 175. What is i(12)?
65
Let s(w) = -56629*w + 56827. Give s(1).
198
Let i(v) = -v**2 - 128*v - 3217. Calculate i(-91).
150
Let v(s) = -3*s**3 + 124*s**2 + 10887*s + 341. What is v(-43)?
-3
Let j(w) = -48*w**2 + 2504*w - 48. Calculate j(52).
368
Let s(p) = -116*p**3 - 23*p**2 + p + 5. Determine s(1).
-133
Let q(f) = -2*f**2 + 155*f + 2154. What is q(-12)?
6
Let i(p) = 38876*p - 972000. Determine i(25).
-100
Let c(g) = -168025*g + 1512081. Give c(9).
-144
Let j(n) = -109*n + 451. What is j(1)?
342
Let w(d) = 9*d**2 - 461*d + 954. Calculate w(49).
-26
Let c(h) = -24*h**3 + 286*h**2 - 735*h - 66. Give c(8).
70
Let i(j) = -j**3 - 185*j**2 + 187*j + 229. Calculate i(-186).
43
Let d(c) = -c**3 + 30*c**2 - 13*c + 391. Determine d(30).
1
Let n(l) = -l**3 + 14*l**2 + 83*l - 1058. What is n(21)?
-2402
Let y(n) = 2*n**3 - 309*n**2 + 958*n - 76368. Calculate y(153).
-21
Let u(l) = 1160*l**2 + 13850*l - 824. Calculate u(-12).
16
Let h(y) = -26*y**3 - 364*y**2 - 1169*y - 2. Calculate h(-9).
-11
Let k(a) = a**3 - 69*a**2 - 176*a + 7347. Give k(70).
-73
Let i(y) = -1682*y + 10815. Determine i(6).
723
Let r(n) = -3906*n - 468736. What is r(-120)?
-16
Let x(g) = g**2 + 3440602*g - 27524896. Determine x(8).
-16
Let d(m) = 8*m**2 + 1491*m - 57168. Calculate d(-219).
-9
Let y(o) = 671153*o + 3355639. Calculate y(-5).
-126
Let a(p) = 3*p**2 + 14715*p - 503777. Determine a(